ided by 13?
11
Suppose -9*g + 13*g = -o + 131, -5*o = -5*g + 195. Let r(t) = t**3 + 6*t**2 - 8*t + 5. Calculate the remainder when g is divided by r(-7).
10
Suppose -5*y - 3*k = -95 - 165, 0 = -5*k. Suppose -y + 640 = 4*f. What is the remainder when f is divided by 15?
12
Let a(h) = -2*h**2 + 37*h + 17. Calculate the remainder when a(16) is divided by 43.
11
Let w = 149 - 20. Let a = -118 + w. Calculate the remainder when 32 is divided by a.
10
Let l(n) = 7*n**2 + n - 15. Let q(x) = x**2 - x. Let i(m) = l(m) - 6*q(m). Calculate the remainder when i(-13) is divided by 17.
12
Let s(r) = r**2 - 8*r + 13. Let d be s(7). Let x = -5 + d. What is the remainder when 7 is divided by x?
0
Let r(h) = 23*h**2 + 2*h - 1. Let a = 1 - 0. Let g be r(a). Let y = g - 18. Calculate the remainder when 16 is divided by y.
4
Let p(b) = b**3 + 13*b**2 - 10*b - 5. Let l = -664 + 678. Calculate the remainder when p(-13) is divided by l.
13
Let n = -31 + 11. Suppose 2*z = -4*l + 108, -2*l + 4*z + 64 = -0*l. Let h = n + l. Calculate the remainder when 31 is divided by h.
7
Suppose 44*m - 36*m - 296 = 0. What is the remainder when m is divided by 13?
11
Suppose 5*n + u - 107 = 0, -59 = -5*n + 3*u + 40. Let o = 4 + 9. What is the remainder when n is divided by (8/(-5))/(o/(-65))?
5
Suppose 7*w = 6*w + 42. Let c = w - -11. Suppose 0 = 4*z - 3*b - 66, -5*z = -0*b - 2*b - 86. Calculate the remainder when c is divided by z.
17
Let c(g) = 8 - g**3 + 8*g - 17*g + 10*g + g**2. Let w be c(0). Calculate the remainder when 73 is divided by 2/w*-2*-38.
16
Suppose -5*q = -q + o - 124, -q + 16 = 4*o. Let n = 26 + q. Calculate the remainder when n is divided by 21.
16
Let w = -271 + 297. Let z = -13 + 23. What is the remainder when w is divided by z?
6
Let n = -291 - -380. What is the remainder when n is divided by 30?
29
Let z(b) = -b**2 + 10*b - 2. Suppose 2*u - 4*i - 48 = 0, 34*u = 31*u + i + 72. What is the remainder when u is divided by z(8)?
10
Let u(g) = 2*g + 3. Let s be u(-5). Let v(q) = q**2 + 7*q + 5. Let d(w) = -w**3 + 92*w**2 - 88*w - 256. Calculate the remainder when d(91) is divided by v(s).
2
Suppose -4*b + 68 = -2*b - 2*v, -2*b + 3*v = -69. What is the remainder when b is divided by 7?
5
Let j(p) = -3 - 11 - 10*p**2 - 2*p**3 + 3*p**3 + 5*p. Suppose 0*k = 5*k - 710. What is the remainder when k is divided by j(10)?
34
Let v(h) = h**2 - 15. Let t be v(8). Suppose 5*s = -3*u + 56, 5*u + s - 135 = -t. What is the remainder when u is divided by 9?
8
Calculate the remainder when (0 - (-54)/(-4))*-6 is divided by 1/((-2)/(-68)*2).
13
Let b(a) = 18*a**2 - 1. What is the remainder when b(-1) is divided by 12/(-2) + (-34)/(-2)?
6
Let v be 10*(68/104 - (-2)/(-13)). Suppose 4*w + v*s - 58 = 0, s - 2 + 0 = 0. Calculate the remainder when 57 is divided by w.
9
Suppose 3*h = 2*h + 5. Let c(j) = -j**3 + 5*j**2 + 2*j + 6. What is the remainder when c(h) is divided by 9?
7
Suppose -36 - 8 = -4*z. Let s = 24 - z. What is the remainder when (111/9)/(1/3) is divided by s?
11
Let s = -42 + 21. Calculate the remainder when 48 is divided by ((-8)/(-6))/(40/s - -2).
6
Suppose -z + 5 + 7 = 4*p, -10 = 5*p - 5*z. Suppose i - 3*v = -2, p*i - 33 = i - 4*v. Calculate the remainder when i is divided by 5.
3
Let x be (2/(-6))/((-27)/4293). Suppose -4*p + x - 1 = -4*t, -4*p + 58 = -2*t. What is the remainder when 60 is divided by p?
12
Suppose 0 = 2*j - 0 - 4. Suppose -4*a - 16 = -2*p, 2*p + 33 = 7*p - 3*a. Calculate the remainder when j - 4/(4/(-9)) is divided by p.
5
Let m = -152 + 164. Calculate the remainder when (-10 - -5)*42/(-10) is divided by m.
9
Suppose -4*s = -5*g - 5, -3*g + 3*s - 8 = -2. Suppose 5*a + 0*h - h - 73 = 0, -g*h - 9 = -a. Let t = 150 - 62. Calculate the remainder when t is divided by a.
13
Suppose -4*k + 4 = -16. Suppose 0 = k*r - 3*m - 2*m - 205, 0 = 2*r - m - 79. Calculate the remainder when r is divided by 7.
3
Let t(q) = 33*q - 14. Let r be t(-3). Let u = r + 122. What is the remainder when 53 is divided by u?
8
Let l(v) = 5*v**2 + 6*v - 9. Let h be l(2). Suppose -h - 33 = -2*m. What is the remainder when 52 is divided by m?
24
Suppose 5*m + l + 6652 = -108, 2*m + 4*l = -2704. What is the remainder when m/(-32) - (-6)/8 is divided by ((-22)/11)/(4/(-22))?
10
Suppose -5*i = -4*p + p + 111, -i = p - 37. Let x = -450 - -633. What is the remainder when x is divided by p?
35
Let l = 67 - 32. Suppose -3*n - 276 = -5*n. Calculate the remainder when n is divided by l.
33
Let l(x) = -x**3 - 3*x**2 - 2*x + 5. Suppose 2*w - 6*w = -16. Let m be ((-2)/w)/((-3)/(-24)). Calculate the remainder when 56 is divided by l(m).
27
Suppose -4751 = -22*n - 967. Calculate the remainder when n is divided by 18.
10
Suppose -2*i - 4*q = -58, -2*i + 4*i - 2*q = 64. Let t = -35 + 38. Suppose 5*s - 621 = 4*w, t*w + 254 = 2*s - 0*w. What is the remainder when s is divided by i?
28
Suppose -3*k + p + 8 = 2*p, -3*k = 5*p - 16. Suppose k*j = 5*j - 33. What is the remainder when 18 is divided by j?
7
Let m(h) = 2*h - 12. What is the remainder when m(28) is divided by 9?
8
Suppose -28*k = -84*k + 6328. Calculate the remainder when k is divided by 12.
5
Suppose 0 = 5*d - 5*v - 830, 9*d - 7*d = -v + 323. What is the remainder when d is divided by 52?
7
Let b = -12 + 14. Suppose -b*n + 95 + 56 = 3*f, -5*n = 2*f - 405. What is the remainder when n is divided by 28?
27
Suppose -27 - 30 = -3*r. Suppose -4*a + 130 = -2*q, -4*a + q + 161 = 28. What is the remainder when a is divided by r?
15
Suppose -327 = -20*r + 153. Calculate the remainder when 1125 is divided by r.
21
Let w = 200 + -176. Calculate the remainder when 35 is divided by w.
11
Let h(j) = j + 30. Let y be h(-17). Suppose 3*i - 3 = 3*w, -i - 3*w + y = -0*i. Calculate the remainder when 21 is divided by i.
1
Let i(o) = o**3 - 29*o**2 - 127*o - 127. What is the remainder when i(33) is divided by 2/(1/(5*1))?
8
Suppose -49*z + 53*z - 64 = 0. Calculate the remainder when (413/14)/(1/2) is divided by z.
11
Suppose 3*t - 232 = 14. Suppose -86 = -4*c - 2*y, 13 = c - y - 13. What is the remainder when t is divided by c?
13
Let n = 4714 - 4703. Suppose 3*c + 19 = 109. Suppose 0*s - c = -s. What is the remainder when s is divided by n?
8
Let j(p) = p + 2. Let o be j(3). Suppose 23 = -2*s + 33. Suppose -4*b + o*a = -181 - 89, s*a - 55 = -b. Calculate the remainder when b is divided by 22.
21
Let a = -1535 + 1608. What is the remainder when 1604 is divided by a?
71
Let d = -6928 + 6937. Let a(l) = l**2 + l + 2. Calculate the remainder when a(-5) is divided by d.
4
Suppose -24*g + 393 = -111. Calculate the remainder when 103 is divided by g.
19
Calculate the remainder when (-3)/(((-3)/9)/(29/3)) is divided by 25.
12
Let o = 1804 - 1788. Calculate the remainder when 286 is divided by o.
14
Let g(j) = j + 7. Let p be g(-7). Suppose 2*z - 14 - 4 = p. What is the remainder when -3*6/z*-8 is divided by 5?
1
Let k(u) be the second derivative of -u**5/20 - u**4/2 + u**3/6 - 7*u**2/2 - 2*u. Let t be k(-6). What is the remainder when 21 is divided by (6/8)/(t/(-104))?
3
Suppose 0 = b + 3*v - 12, -6*b - 4*v + 71 = -b. Suppose 4*f = 16, 4*f - 16 = -o + 9. Calculate the remainder when b is divided by o.
6
Suppose -3*w + 3*d = 30 - 111, 5*w - 12*d - 149 = 0. What is the remainder when 121 is divided by w?
21
Let d(n) = -4*n**3 + 2*n**2 + 4*n + 1. Let y be d(-3). Let b = y + -30. What is the remainder when b is divided by 22?
19
Let s be ((-42)/9)/(12/18). What is the remainder when 42 is divided by (-75)/s + (-18)/(-63)?
9
Suppose -175 - 42 = -7*t. Calculate the remainder when 68 is divided by t.
6
Let g = 1 - -33. Let s = 73 + -42. Suppose -4*x = 3*o - g, s + 0 = 3*o + x. What is the remainder when o is divided by 4?
2
Let v = 4 + 1. Let j be (0 - -1) + 4/(-12)*0. Let q = j + v. Calculate the remainder when q is divided by 3.
0
Let i be (-4 - (3 - 4)) + 96. Suppose 0 = -2*g + 2*n + 58, 2*g = -3*n - 2*n + i. Calculate the remainder when 65 is divided by g.
31
Suppose -22 = -p + 5. Let v(u) = u**2 - 6*u + 10. Let l be v(6). Let q = l + 0. Calculate the remainder when p is divided by q.
7
What is the remainder when 658 is divided by 2/(-13) + (-7)/((-637)/2016)?
20
Suppose 0*x = 3*x - 2*c - 184, x - c - 61 = 0. Calculate the remainder when x is divided by 34.
28
Let o(y) = -6*